{"id":652,"date":"2016-09-13T11:47:54","date_gmt":"2016-09-13T10:47:54","guid":{"rendered":"http:\/\/www.dancosta.net\/?page_id=652"},"modified":"2019-10-29T17:39:49","modified_gmt":"2019-10-29T17:39:49","slug":"interviews","status":"publish","type":"page","link":"https:\/\/www.dancosta.net\/?page_id=652","title":{"rendered":"Interviews"},"content":{"rendered":"<p>&#8220;Color was one of the things that initially brought me to jazz, especially Brazilian jazz&#8221;<\/p>\n<p style=\"text-align: right;\"><em>Rolling Stone Magazine, India<\/em><\/p>\n<p>Read full interview at <strong><a href=\"https:\/\/rollingstoneindia.com\/italian-portuguese-pianist-dan-costa-kicks-off-india-tour-week\/\"><span style=\"color: #000000;\">https:\/\/rollingstoneindia.com\/italian-portuguese-pianist-dan-costa-kicks-off-india-tour-week\/<\/span><\/a><\/strong><\/p>\n<p>____________________________________________________________________________________________________________________________________________________________________________________________________________<\/p>\n<p>&#8220;Siamo uniti da questo cielo&#8221;<\/p>\n<p style=\"text-align: right;\"><em>Radio Monte-Carlo, Italy<\/em><\/p>\n<p style=\"text-align: left;\">Watch full interview at <strong><a href=\"https:\/\/www.radiomontecarlo.net\/video\/monte-carlo-nights\/248232\/dan-costa-il-live-a-monte-carlo-nights.html\"><span style=\"color: #000000;\">https:\/\/www.radiomontecarlo.net\/video\/monte-carlo-nights\/248232\/dan-costa-il-live-a-monte-carlo-nights.html<\/span><\/a><\/strong><\/p>\n<p>____________________________________________________________________________________________________________________________________________________________________________________________________________<\/p>\n<p style=\"text-align: left;\">&#8220;\u0395\u03bc\u03c0\u03bd\u03b5\u03cd\u03c3\u03c4\u03b7\u03ba\u03b1 \u03c4\u03bf \u03cc\u03bd\u03bf\u03bc\u03b1 \u03b1\u03c0\u03cc \u03c4\u03b7 \u03c3\u03c5\u03bc\u03b2\u03bf\u03bb\u03ae \u03c4\u03c9\u03bd \u03c0\u03bf\u03c4\u03b1\u03bc\u03ce\u03bd \u03a3\u03bf\u03bb\u03b9\u03bc\u03cc\u03b5\u03c2 \u03ba\u03b1\u03b9 \u039d\u03ad\u03b3\u03ba\u03c1\u03bf \u03c3\u03c4\u03bf\u03bd \u0391\u03bc\u03b1\u03b6\u03cc\u03bd\u03b9\u03bf. \u03a0\u03c1\u03cc\u03ba\u03b5\u03b9\u03c4\u03b1\u03b9 \u03b3\u03b9\u03b1 \u03ad\u03bd\u03b1 \u03bc\u03bf\u03bd\u03b1\u03b4\u03b9\u03ba\u03cc \u03c6\u03b1\u03b9\u03bd\u03cc\u03bc\u03b5\u03bd\u03bf, \u03ba\u03b1\u03c4\u03ac \u03c4\u03bf \u03bf\u03c0\u03bf\u03af\u03bf \u03c4\u03b1 \u03b4\u03c5\u03bf \u03c0\u03bf\u03c4\u03ac\u03bc\u03b9\u03b1 \u03c3\u03c5\u03bd\u03b1\u03bd\u03c4\u03b9\u03bf\u03cd\u03bd\u03c4\u03b1\u03b9 \u03c7\u03c9\u03c1\u03af\u03c2 \u03bd\u03b1 \u03b1\u03bb\u03bb\u03ac\u03b6\u03b5\u03b9 \u03c4\u03bf \u03c7\u03b1\u03c1\u03b1\u03ba\u03c4\u03b7\u03c1\u03b9\u03c3\u03c4\u03b9\u03ba\u03cc \u03c7\u03c1\u03ce\u03bc\u03b1 \u03c4\u03bf\u03c5 \u03ba\u03b1\u03b8\u03b5\u03bd\u03cc\u03c2. \u039c\u03bf\u03c5 \u03b8\u03cd\u03bc\u03b9\u03c3\u03b5 \u03c4\u03bf \u03c0\u03bf\u03bb\u03b9\u03c4\u03b9\u03c3\u03bc\u03b9\u03ba\u03cc \u03c5\u03c0\u03cc\u03b2\u03b1\u03b8\u03c1\u03cc \u03bc\u03bf\u03c5. \u039a\u03ac\u03b8\u03b5 \u03ad\u03b8\u03bd\u03bf\u03c2 \u03b1\u03c0\u03cc \u03c4\u03bf \u03bf\u03c0\u03bf\u03af\u03bf \u03c0\u03c1\u03bf\u03b5\u03c1\u03c7\u03cc\u03bc\u03bf\u03c5\u03bd \u03b5\u03af\u03c7\u03b5 \u03c4\u03bf\u03bd \u03c1\u03cc\u03bb\u03bf \u03c4\u03bf\u03c5 \u03c3\u03c4\u03b7\u03bd \u03b1\u03bd\u03b1\u03c4\u03c1\u03bf\u03c6\u03ae \u03bc\u03bf\u03c5, \u03c7\u03c9\u03c1\u03af\u03c2 \u03b1\u03c0\u03b1\u03c1\u03b1\u03af\u03c4\u03b7\u03c4\u03b1 \u03c4\u03bf \u03ad\u03bd\u03b1 \u03bd\u03b1 \u03b5\u03c0\u03b9\u03c3\u03ba\u03b9\u03ac\u03b6\u03b5\u03b9 \u03c4\u03bf \u03ac\u03bb\u03bb\u03bf.&#8221;<\/p>\n<p class=\"r\" style=\"text-align: right;\"><em><span class=\"st\">\u039a\u03bf\u03b9\u03bd\u03ae \u0393\u03bd\u03ce\u03bc\u03b7, Greece<br \/>\n<\/span><\/em><\/p>\n<p>Read full article at <span style=\"color: #000000;\"><strong><a style=\"color: #000000;\" href=\"http:\/\/www.koinignomi.gr\/news\/politismos\/moysiki\/2017\/10\/05\/h-vrazilia-den-einai-mono-sampa-kai-mposa-nova.html\">http:\/\/www.koinignomi.gr\/news\/politismos\/moysiki\/2017\/10\/05\/h-vrazilia-den-einai-mono-sampa-kai-mposa-nova.html<\/a><\/strong><\/span><\/p>\n<p>____________________________________________________________________________________________________________________________________________________________________________________________________________<\/p>\n<div class='embed-container'><iframe loading=\"lazy\" width=\"1920\" height=\"1080\" src=\"https:\/\/www.youtube.com\/embed\/m3lB3A4TxKM?feature=oembed\" frameborder=\"0\" allow=\"autoplay; encrypted-media\" allowfullscreen><\/iframe><\/div>\n<p style=\"text-align: right;\"><em>Neon Jazz, USA<\/em><\/p>\n<p>____________________________________________________________________________________________________________________________________________________________________________________________________________<\/p>\n<p>&#8220;I\u2019ve always seen music as a means of transposing life experience into a language that is &#8211; to an extent &#8211; universal &#8230; I recall writing more and enthusiastically after experiencing something unique than when practicing my instrument uninterruptedly. &#8221;<\/p>\n<p style=\"text-align: right;\"><em>Huffington Post, USA<br \/>\n<\/em><\/p>\n<p style=\"text-align: left;\">Read full interview at<span style=\"color: #000000;\"> <strong><a style=\"color: #000000;\" href=\"http:\/\/www.huffingtonpost.com\/entry\/interview-dan-costa_us_57a775e9e4b034b258953703\">http:\/\/www.huffingtonpost.com\/entry\/interview-dan-costa_us_57a775e9e4b034b258953703<\/a><\/strong><\/span><\/p>\n<p><strong>____________________________________________________________________________________________________________________________________________________________________________________________________________<\/strong><\/p>\n<p style=\"text-align: left;\">&#8220;A m\u00fasica brasileira sempre esteve presente na minha vida. Em Londres, a minha m\u00e3e colocava discos do Jobim e outros e eu ia sempre procurar \u201cA Turma do Funil\u201d \u2013 n\u00e3o me cansava de ouvir essa can\u00e7\u00e3o. Claro que estudar num centro de pesquisa como a UNICAMP permitiu-me entrar nesse mundo popular e tamb\u00e9m conhecer os grandes artistas eruditos, como Villa-Lobos, Camargo Guarnieri e Radam\u00e9s Gnattali, que adaptaram a viv\u00eancia do povo local a um universo de raiz europeia.&#8221;<\/p>\n<p style=\"text-align: right;\"><em>Xpressingmusic, Portugal<br \/>\n<\/em><\/p>\n<p>Read full interview at <span style=\"color: #000000;\"><a style=\"color: #000000;\" href=\"http:\/\/xmusic.pt\/entrevista\/2189-dan-costa\"><strong>http:\/\/xmusic.pt\/entrevista\/2189-dan-costa<\/strong><\/a><\/span><\/p>\n","protected":false},"excerpt":{"rendered":"<p>&#8220;Color was one of the things that initially brought me to jazz, especially Brazilian jazz&#8221; Rolling Stone Magazine, India Read full interview at https:\/\/rollingstoneindia.com\/italian-portuguese-pianist-dan-costa-kicks-off-india-tour-week\/ ____________________________________________________________________________________________________________________________________________________________________________________________________________ &#8220;Siamo uniti da questo cielo&#8221; Radio Monte-Carlo, Italy Watch full interview at https:\/\/www.radiomontecarlo.net\/video\/monte-carlo-nights\/248232\/dan-costa-il-live-a-monte-carlo-nights.html ____________________________________________________________________________________________________________________________________________________________________________________________________________ &#8220;\u0395\u03bc\u03c0\u03bd\u03b5\u03cd\u03c3\u03c4\u03b7\u03ba\u03b1 \u03c4\u03bf \u03cc\u03bd\u03bf\u03bc\u03b1 \u03b1\u03c0\u03cc \u03c4\u03b7 \u03c3\u03c5\u03bc\u03b2\u03bf\u03bb\u03ae \u03c4\u03c9\u03bd \u03c0\u03bf\u03c4\u03b1\u03bc\u03ce\u03bd \u03a3\u03bf\u03bb\u03b9\u03bc\u03cc\u03b5\u03c2 \u03ba\u03b1\u03b9 \u039d\u03ad\u03b3\u03ba\u03c1\u03bf \u03c3\u03c4\u03bf\u03bd \u0391\u03bc\u03b1\u03b6\u03cc\u03bd\u03b9\u03bf. \u03a0\u03c1\u03cc\u03ba\u03b5\u03b9\u03c4\u03b1\u03b9 \u03b3\u03b9\u03b1 \u03ad\u03bd\u03b1&hellip; <br \/> <a class=\"read-more\" href=\"https:\/\/www.dancosta.net\/?page_id=652\">Read more<\/a><\/p>\n","protected":false},"author":1,"featured_media":0,"parent":0,"menu_order":0,"comment_status":"closed","ping_status":"closed","template":"","meta":{"footnotes":""},"class_list":["post-652","page","type-page","status-publish","hentry"],"_links":{"self":[{"href":"https:\/\/www.dancosta.net\/index.php?rest_route=\/wp\/v2\/pages\/652","targetHints":{"allow":["GET"]}}],"collection":[{"href":"https:\/\/www.dancosta.net\/index.php?rest_route=\/wp\/v2\/pages"}],"about":[{"href":"https:\/\/www.dancosta.net\/index.php?rest_route=\/wp\/v2\/types\/page"}],"author":[{"embeddable":true,"href":"https:\/\/www.dancosta.net\/index.php?rest_route=\/wp\/v2\/users\/1"}],"replies":[{"embeddable":true,"href":"https:\/\/www.dancosta.net\/index.php?rest_route=%2Fwp%2Fv2%2Fcomments&post=652"}],"version-history":[{"count":28,"href":"https:\/\/www.dancosta.net\/index.php?rest_route=\/wp\/v2\/pages\/652\/revisions"}],"predecessor-version":[{"id":2351,"href":"https:\/\/www.dancosta.net\/index.php?rest_route=\/wp\/v2\/pages\/652\/revisions\/2351"}],"wp:attachment":[{"href":"https:\/\/www.dancosta.net\/index.php?rest_route=%2Fwp%2Fv2%2Fmedia&parent=652"}],"curies":[{"name":"wp","href":"https:\/\/api.w.org\/{rel}","templated":true}]}}